5
What is 4 (base 5) in base 3?
11
Convert -2 (base 6) to base 9.
-2
Convert 34 (base 5) to base 15.
14
103 (base 16) to base 9
317
Convert 2 (base 4) to base 10.
2
10 (base 11) to base 6
15
Convert -116 (base 8) to base 3.
-2220
Convert -121 (base 8) to base 3.
-10000
Convert -344 (base 10) to base 4.
-11120
What is -35 (base 13) in base 3?
-1122
Convert b0 (base 15) to base 11.
140
What is c0 (base 14) in base 12?
120
26 (base 13) to base 7
44
What is 2 (base 4) in base 5?
2
Convert -4 (base 14) to base 13.
-4
9 (base 15) to base 2
1001
10020 (base 4) to base 15
129
What is -101 (base 2) in base 14?
-5
What is -4 (base 14) in base 3?
-11
-12 (base 4) to base 7
-6
-146 (base 11) to base 5
-1141
Convert 3 (base 11) to base 10.
3
Convert -341 (base 5) to base 10.
-96
What is 31 (base 12) in base 13?
2b
Convert -6 (base 11) to base 15.
-6
Convert -33 (base 11) to base 14.
-28
Convert -1 (base 8) to base 16.
-1
What is -343 (base 5) in base 16?
-62
a9 (base 11) to base 5
434
Convert -4 (base 5) to base 15.
-4
What is -100 (base 2) in base 6?
-4
Convert 2 (base 3) to base 12.
2
What is 5 (base 13) in base 9?
5
What is 64 (base 7) in base 11?
42
What is 110 (base 3) in base 8?
14
What is -10 (base 6) in base 11?
-6
What is -d (base 15) in base 10?
-13
-5 (base 8) to base 6
-5
11100 (base 3) to base 14
85
1220 (base 3) to base 5
201
What is 80 (base 9) in base 13?
57
Convert -20 (base 3) to base 4.
-12
-21 (base 5) to base 6
-15
What is 115 (base 12) in base 3?
12222
-443 (base 5) to base 14
-8b
73 (base 15) to base 9
130
What is 1 (base 13) in base 3?
1
-4 (base 7) to base 8
-4
-11 (base 4) to base 15
-5
What is 35 (base 12) in base 9?
45
What is 3 (base 14) in base 12?
3
Convert 30 (base 11) to base 10.
33
-10011 (base 2) to base 14
-15
What is -b7 (base 12) in base 16?
-8b
-e (base 16) to base 3
-112
What is -135 (base 6) in base 9?
-65
Convert -7 (base 9) to base 6.
-11
What is 0 (base 11) in base 14?
0
414 (base 5) to base 8
155
What is -13 (base 4) in base 5?
-12
What is 131 (base 9) in base 15?
74
Convert 0 (base 16) to base 5.
0
Convert -78 (base 10) to base 9.
-86
Convert 19 (base 15) to base 5.
44
39 (base 10) to base 5
124
What is -5 (base 7) in base 2?
-101
-11 (base 2) to base 6
-3
Convert -7 (base 15) to base 6.
-11
What is 7 (base 9) in base 6?
11
2 (base 5) to base 13
2
121 (base 3) to base 7
22
Convert 211 (base 3) to base 13.
19
-1 (base 11) to base 16
-1
Convert -10 (base 2) to base 12.
-2
Convert 1 (base 2) to base 6.
1
110 (base 5) to base 10
30
Convert -21 (base 14) to base 16.
-1d
What is -2 (base 8) in base 5?
-2
-12 (base 7) to base 14
-9
Convert -46 (base 14) to base 9.
-68
What is 2 (base 12) in base 15?
2
10331 (base 4) to base 9
382
20 (base 3) to base 10
6
What is 1230 (base 5) in base 13?
118
What is -21110 (base 3) in base 11?
-173
13 (base 13) to base 15
11
6 (base 15) to base 6
10
What is -1022 (base 3) in base 11?
-32
What is 0 (base 3) in base 16?
0
What is 4d (base 16) in base 8?
115
-23 (base 11) to base 6
-41
What is 10 (base 5) in base 6?
5
What is -15b (base 14) in base 10?
-277
Convert 7 (base 14) to base 10.
7
What is -3 (base 10) in base 12?
-3
Convert -1 (base 2) to base 3.
-1
Convert -3 (base 13) to base 2.
-11
Convert -12 (base 4) to base 7.
-6
Convert 123 (base 4) to base 2.
11011
What is 0 (base 8) in base 16?
0
What is 2 (base 11) in base 5?
2
-3 (base 12) to base 15
-3
Convert 321 (base 6) to base 15.
81
Convert -168 (base 12) to base 6.
-1012
-c (base 16) to base 15
-c
What is -1 (base 14) in base 11?
-1
1110 (base 3) to base 12
33
What is -11110 (base 2) in base 14?
-22
Convert -333 (base 5) to base 7.
-162
What is 7b (base 12) in base 8?
137
Convert -3 (base 7) to base 11.
-3
-1c6 (base 13) to base 7
-652
What is 2 (base 6) in base 13?
2
Convert 32 (base 12) to base 2.
100110
Convert 31 (base 14) to base 3.
1121
87 (base 13) to base 8
157
-1 (base 5) to base 4
-1
-4 (base 16) to base 13
-4
-19 (base 13) to base 2
-10110
Convert 11 (base 6) to base 3.
21
Convert 4 (base 8) to base 5.
4
What is 4 (base 5) in base 8?
4
5 (base 13) to base 4
11
What is 110 (base 2) in base 16?
6
What is 43 (base 10) in base 7?
61
Convert -3 (base 9) to base 16.
-3
What is 201 (base 8) in base 12?
a9
0 (base 16) to base 4
0
What is 6 (base 16) in base 10?
6
Convert -2 (base 5) to base 16.
-2
Convert 101100 (base 2) to base 11.
40
What is 4 (base 10) in base 14?
4
Convert 15 (base 7) to base 15.
c
12 (base 5) to base 9
7
Convert -3 (base 16) to base 5.
-3
Convert 158 (base 13) to base 8.
362
Convert -133 (base 4) to base 12.
-27
What is 3 (base 11) in base 14?
3
-101 (base 3) to base 14
-a
What is 237 (base 10) in base 4?
3231
Convert 0 (base 9) to base 8.
0
Convert -1 (base 5) to base 12.
-1
-10 (base 3) to base 9
-3
Convert -4 (base 16) to base 15.
-4
What is 3 (base 15) in base 14?
3
What is 10 (base 4) in base 7?
4
What is 10 (base 3) in base 13?
3
What is -33 (base 8) in base 14?
-1d
3 (base 16) to base 15
3
-10 (base 6) to base 3
-20
Convert 1 (base 6) to base 7.
1
What is 1c (base 14) in base 12?
22
What is 0 (base 11) in base 9?
0
-6 (base 11) to base 9
-6
What is -147 (base 11) in base 12?
-124
Convert -12 (base 4) to base 3.
-20
What is -20211 (base 3) in base 13?
-112
What is -47 (base 8) in base 16?
-27
Convert 4 (base 15) to base 5.
4
What is -1010 (base 2) in base 10?
-10
What is -3 (base 12) in base 14?
-3
Convert 1 (base 5) to base 8.
1
What is 13 (base 7) in base 8?
12
-19 (base 10) to base 16
-13
Convert -2 (base 12) to base 16.
-2
-c (base 16) to base 9
-13
516 (base 7) to base 2
100000010
Convert -5 (base 10) to base 12.
-5
30 (base 5) to base 14
11
Convert -3 (base 16) to base 4.
-3
What is 27 (base 14) in base 12?
2b
Convert -2 (base 9) to base 13.
-2
-37 (base 15) to base 16
-34
Convert -15 (base 9) to base 3.
-112
Convert 3 (base 13) to base 12.
3
Convert 0 (base 7) to base 11.
0
-100100 (base 2) to base 11
-33
What is 89 (base 10) in base 15?
5e
-223 (base 4) to base 8
-53
1111 (base 2) to base 6
23
What is 2 (base 14) in base 5?
2
What is 10 (base 15) in base 8?
17
1011 (base 2) to base 16
b
What is -2 (base 6) in base 16?
-2
What is 0 (base 12) in base 6?
0
What is 123 (base 4) in base 11?
25
What is -11 (base 5) in base 3?
-20
Convert -7 (base 9) to base 10.
-7
What is -42 (base 6) in base 11?
-24
What is 1053 (base 6) in base 7?
504
-110 (base 6) to base 15
-2c
What is 3 (base 12) in base 11?
3
Convert -1220 (base 3) to base 10.
-51
What is -94 (base 16) in base 14?
-a8
11 (base 10) to base 4
23
6 (base 15) to base 7
6
Convert -8 (base 13) to base 4.
-20
Convert 0 (base 16) to base 2.
0
-2223 (base 4) to base 7
-333
What is -2 (base 12) in base 9?
-2
What is -51 (base 6) in base 16?
-1f
What is 85 (base 10) in base 7?
151
-17 (base 16) to base 2
-10111
-104 (base 9) to base 14
-61
What is -2 (base 13) in base 2?
-10
-163 (base 8) to base 12
-97
What is 0 (base 9) in base 11?
0
Convert -4b (base 16) to base 15.
-50
-12 (base 13) to base 10
-15
-15 (base 14) to base 15
-14
What is 20 (base 6) in base 12?
10
What is -98 (base 11) in base 10?
-107
-4 (base 16) to base 9
-4
Convert -6 (base 16) to base 9.
-6
Convert -8 (base 14) to base 7.
-11
What is -3 (base 15) in base 2?
-11
100 (base 2) to base 5
4
-501 (base 8) to base 3
-102220
Convert 1010100 (base 2) to base 10.
84
-2 (base 4) to base 14
-2
What is 20 (base 7) in base 11?
13
Convert 0 (base 14) to base 13.
0
47 (base 11) to base 6
123
Convert -100 (base 2) to base 8.
-4
What is -da (base 14) in base 9?
-233
Convert 208 (base 9) to base 3.
20022
-24 (base 16) to base 12
-30
Convert -17 (base 9) to base 2.
-10000
Convert 29 (base 13) to base 15.
25
What is -a (base 15) in base 10?
-10
What is 10 (base 5) in base 9?
5
What is -4 (base 10) in base 15?
-4
Convert -2 (base 14) to base 6.
-2
What is -72 (base 13) in base 15?
-63
Convert -13 (base 6) to base 8.
-11
-21 (base 4) to base 9
-10
What is -2 (base 15) in base 6?
-2
1 (base 5) to base 12
1
5 (base 12) to base 16
5
Convert 12 (base 10) to base 12.
10
What is 32 (base 5) in base 11?
16
5 (base 14) to base 15
5
What is -26 (base 7) in base 5?
-40
Convert -2 (base 13) to base 9.
-2
Convert 0 (base 8) to base 14.
0
3 (base 8) to base 15
3
20 (base 13) to base 5
101
What is 25 (base 7)